{"id":2,"date":"2024-10-08T20:54:15","date_gmt":"2024-10-08T20:54:15","guid":{"rendered":"https:\/\/cangujet.com\/?page_id=2"},"modified":"2025-02-17T19:10:22","modified_gmt":"2025-02-17T19:10:22","slug":"requirements","status":"publish","type":"page","link":"https:\/\/cangujet.com\/index.php\/requirements\/","title":{"rendered":"Requirements"},"content":{"rendered":"\t\t<div data-elementor-type=\"wp-page\" data-elementor-id=\"2\" class=\"elementor elementor-2\" data-elementor-post-type=\"page\">\n\t\t\t\t<div class=\"elementor-element elementor-element-77d860d e-flex e-con-boxed e-con e-parent\" data-id=\"77d860d\" data-element_type=\"container\" data-e-type=\"container\">\n\t\t\t\t\t<div class=\"e-con-inner\">\n\t\t\t\t<div class=\"elementor-element elementor-element-7f70e45 e-n-tabs-mobile elementor-widget elementor-widget-n-tabs\" data-id=\"7f70e45\" data-element_type=\"widget\" data-e-type=\"widget\" data-settings=\"{&quot;horizontal_scroll&quot;:&quot;disable&quot;}\" data-widget_type=\"nested-tabs.default\">\n\t\t\t\t\t\t\t<div class=\"e-n-tabs\" data-widget-number=\"133631557\" aria-label=\"Tabs. Open items with Enter or Space, close with Escape and navigate using the Arrow keys.\">\n\t\t\t<div class=\"e-n-tabs-heading\" role=\"tablist\">\n\t\t\t\t\t<button id=\"e-n-tab-title-1336315571\" data-tab-title-id=\"e-n-tab-title-1336315571\" class=\"e-n-tab-title\" aria-selected=\"true\" data-tab-index=\"1\" role=\"tab\" tabindex=\"0\" aria-controls=\"e-n-tab-content-1336315571\" style=\"--n-tabs-title-order: 1;\">\n\t\t\t\t\t\t<span class=\"e-n-tab-title-text\">\n\t\t\t\tENGLISH\t\t\t<\/span>\n\t\t<\/button>\n\t\t\t\t<button id=\"e-n-tab-title-1336315572\" data-tab-title-id=\"e-n-tab-title-1336315572\" class=\"e-n-tab-title\" aria-selected=\"false\" data-tab-index=\"2\" role=\"tab\" tabindex=\"-1\" aria-controls=\"e-n-tab-content-1336315572\" style=\"--n-tabs-title-order: 2;\">\n\t\t\t\t\t\t<span class=\"e-n-tab-title-text\">\n\t\t\t\tPORTUGUESE\t\t\t<\/span>\n\t\t<\/button>\n\t\t\t\t<button id=\"e-n-tab-title-1336315573\" data-tab-title-id=\"e-n-tab-title-1336315573\" class=\"e-n-tab-title\" aria-selected=\"false\" data-tab-index=\"3\" role=\"tab\" tabindex=\"-1\" aria-controls=\"e-n-tab-content-1336315573\" style=\"--n-tabs-title-order: 3;\">\n\t\t\t\t\t\t<span class=\"e-n-tab-title-text\">\n\t\t\t\tTURKISH\t\t\t<\/span>\n\t\t<\/button>\n\t\t\t\t\t<\/div>\n\t\t\t<div class=\"e-n-tabs-content\">\n\t\t\t\t<div id=\"e-n-tab-content-1336315571\" role=\"tabpanel\" aria-labelledby=\"e-n-tab-title-1336315571\" data-tab-index=\"1\" style=\"--n-tabs-title-order: 1;\" class=\"e-active elementor-element elementor-element-f6113cb e-con-full e-flex e-con e-child\" data-id=\"f6113cb\" data-element_type=\"container\" data-e-type=\"container\">\n\t\t\t\t<div class=\"elementor-element elementor-element-4b8bbe7 elementor-widget elementor-widget-heading\" data-id=\"4b8bbe7\" data-element_type=\"widget\" data-e-type=\"widget\" data-widget_type=\"heading.default\">\n\t\t\t\t\t<h2 class=\"elementor-heading-title elementor-size-default\"><br> <br>To be able to start our project, we need the following informaton:<br><\/h2>\t\t\t\t<\/div>\n\t\t\t\t<div class=\"elementor-element elementor-element-4f645db elementor-widget elementor-widget-text-editor\" data-id=\"4f645db\" data-element_type=\"widget\" data-e-type=\"widget\" data-widget_type=\"text-editor.default\">\n\t\t\t\t\t\t\t\t\t<p>1. The full name, address, and phone number of your restaurant.<\/p>\n<p>2. If applicable, the number of branches, branch names, branch addresses, and branch\u00a0phone numbers.<\/p>\n<p>3. Your updated menu in a single document (including current prices and contents).<\/p>\n<p>4. Your working hours, delivery areas categorized by city\/district\/neighborhood with minimum order amounts, payment methods, and order methods.<\/p>\n<p>5. If available, product images (must be in .jpg format, 660 x 540 px).<\/p>\n<p>6. Your logo (must be in .png format, at least 1000 px, and transparent).<\/p>\n<p>7. If applicable and if you want to use them, promo8onal images (600 x 800 px, 3 pieces \/ 600 x 300 px, 5 pieces \/ 600 x 400 px, 4 pieces in .jpg format). If no images are provided, our standard images will be used for publica8on. Our company is not responsible for any design-related maPers.<\/p>\n<p>8. If applicable and if you want to use them, homepage and background images (must be in.jpg format, 1200 x 800 px). If no images are provided, our standard images will be used for publica8on. Our company is not responsible for any design-related maPers.<\/p>\n<p>9. An iOS cer8ficate must be obtained with our support. To acquire this cer8ficate, an iCloud account registered under the company owner&#8217;s name is required. We will provide support for obtaining the cer8ficate, and a $99 payment must be made to Apple for the certficate. You need to schedule an appointment with us as soon as possible to complete this process.<\/p>\n<p><b>In response to Items 3 and 4, you can share your Bolt Food or Uber Eat link with us if you have one.<\/p>\t\t\t\t\t\t\t\t<\/div>\n\t\t\t\t<\/div>\n\t\t<div id=\"e-n-tab-content-1336315572\" role=\"tabpanel\" aria-labelledby=\"e-n-tab-title-1336315572\" data-tab-index=\"2\" style=\"--n-tabs-title-order: 2;\" class=\" elementor-element elementor-element-543ce7b e-con-full e-flex e-con e-child\" data-id=\"543ce7b\" data-element_type=\"container\" data-e-type=\"container\">\n\t\t\t\t<div class=\"elementor-element elementor-element-31cb405 elementor-widget elementor-widget-heading\" data-id=\"31cb405\" data-element_type=\"widget\" data-e-type=\"widget\" data-widget_type=\"heading.default\">\n\t\t\t\t\t<h2 class=\"elementor-heading-title elementor-size-default\"><br><br>Para iniciarmos a integra\u00e7\u00e3o do seu restaurante na nossa plataforma, necessitamos das seguintes informa\u00e7\u00f5es:<br><\/h2>\t\t\t\t<\/div>\n\t\t\t\t<div class=\"elementor-element elementor-element-ab98de9 elementor-widget elementor-widget-text-editor\" data-id=\"ab98de9\" data-element_type=\"widget\" data-e-type=\"widget\" data-widget_type=\"text-editor.default\">\n\t\t\t\t\t\t\t\t\t<p>1. Nome completo, morada e n\u00famero de telefone do seu restaurante.<\/p><p>2. Se aplic\u00e1vel, n\u00famero de filiais, nomes das filiais, moradas e contactos telef\u00f3nicos.<\/p><p>3. Menu atualizado num \u00fanico documento (com pre\u00e7os e descri\u00e7\u00f5es atualizados).<\/p><p>4. Hor\u00e1rio de funcionamento, \u00e1reas de entrega organizadas por cidade\/distrito\/freguesia com valores m\u00ednimos de encomenda, m\u00e9todos de pagamento e m\u00e9todos de pedido.<\/p><p>5. Se dispon\u00edvel, imagens dos produtos (formato .jpg, 660 x 540 px).<\/p><p>6. Log\u00f38po (formato .png, m\u00ednimo 1000 px, fundo transparente).<\/p><p>7. Se aplic\u00e1vel e se desejar u8liz\u00e1-las, imagens promocionais (600 x 800 px, 3 unidades \/600 x 300 px, 5 unidades \/ 600 x 400 px, 4 unidades, formato .jpg). Caso n\u00e3o sejam fornecidas, u8lizaremos imagens padr\u00e3o. A nossa empresa n\u00e3o se responsabiliza por quest\u00f5es de design.<\/p><p>8. Se aplic\u00e1vel e se desejar u8liz\u00e1-las, imagens para a p\u00e1gina inicial e fundo (formato .jpg, 1200 x 800 px). Caso n\u00e3o sejam fornecidas, u8lizaremos imagens padr\u00e3o. A nossa empresa n\u00e3o se responsabiliza por quest\u00f5es de design.<\/p><p>9. Para publica\u00e7\u00e3o na App Store, ser\u00e1 necess\u00e1rio obter um cer8ficado iOS. Este requer uma conta iCloud registada em nome do propriet\u00e1rio da empresa. Prestamos suporte na obten\u00e7\u00e3o do cer8ficado, sendo necess\u00e1rio um pagamento de 99$ \u00e0 Apple. Agende connosco uma reuni\u00e3o o mais breve poss\u00edvel para concluir este processo.<\/p><p><b>Em resposta aos itens 3 e 4, pode partilhar connosco o seu link Bolt Food ou Uber Eat, se tiver um.<\/b><\/p>\t\t\t\t\t\t\t\t<\/div>\n\t\t\t\t<\/div>\n\t\t<div id=\"e-n-tab-content-1336315573\" role=\"tabpanel\" aria-labelledby=\"e-n-tab-title-1336315573\" data-tab-index=\"3\" style=\"--n-tabs-title-order: 3;\" class=\" elementor-element elementor-element-c1ab52c e-con-full e-flex e-con e-child\" data-id=\"c1ab52c\" data-element_type=\"container\" data-e-type=\"container\">\n\t\t\t\t<div class=\"elementor-element elementor-element-4db937f elementor-widget elementor-widget-heading\" data-id=\"4db937f\" data-element_type=\"widget\" data-e-type=\"widget\" data-widget_type=\"heading.default\">\n\t\t\t\t\t<h2 class=\"elementor-heading-title elementor-size-default\"><br><br>Projemizi ba\u015flatabilmek ad\u0131na a\u015fa\u011f\u0131daki bilgilere ihtiyac\u0131m\u0131z vard\u0131r:<br><\/h2>\t\t\t\t<\/div>\n\t\t\t\t<div class=\"elementor-element elementor-element-84233fc elementor-widget elementor-widget-text-editor\" data-id=\"84233fc\" data-element_type=\"widget\" data-e-type=\"widget\" data-widget_type=\"text-editor.default\">\n\t\t\t\t\t\t\t\t\t<p>1. Restoran\u0131n\u0131z\u0131n tam ismi, adresi ve telefon numaras\u0131 gerekmektedir.<\/p>\n<p>2. Var ise \u015fube say\u0131n\u0131z, \u015fube isimleriniz, \u015fube adresleriniz ve \u015fube telefon numaralar\u0131n\u0131z gerekmektedir.<\/p>\n<p>3. Tek bir dok\u00fcman halinde g\u00fcncel men\u00fcn\u00fcz gerekmektedir. (G\u00fcncel fiyat ve i\u00e7erikleriyle beraber.)<\/p>\n<p>4. \u00c7al\u0131\u015fma saatleriniz, asgari tutarlar\u0131 ile birlikte il\/il\u00e7e\/semt \u015feklinde g\u00f6nderim b\u00f6lgeleriniz, \u00f6deme \u015fekilleriniz ve sipari\u015f y\u00f6ntemleriniz gerekmektedir.<\/p>\n<p>5. E\u011fer var ise \u00fcr\u00fcn g\u00f6rselleri gerekmektedir. (660 X 540 px boyutlar\u0131nda .jpg format\u0131nda olmal\u0131d\u0131r.)<\/p>\n<p>6. Logo gerekmektedir. (Min. 1000 px boyutunda .png format\u0131nda ve transparan olmal\u0131d\u0131r.)<\/p>\n<p>7. E\u011fer var ise \/ kullan\u0131lmas\u0131n\u0131 istiyorsan\u0131z promosyon g\u00f6rselleri gerekmektedir. (600 x 800 px, 3 adet \/ 600 x 300 px, 5 adet \/ 600 x 400 px, 4 adet .jpg format\u0131nda olabilir.) G\u00f6rsel g\u00f6nderilmemesi durumunda standart g\u00f6rsellerimiz kullan\u0131larak yay\u0131na g\u00f6nderilecektir. Tasar\u0131m gerektiren herhangi bir konudan firmam\u0131z sorumlu de\u011fildir.<\/p>\n<p>8. E\u011fer var ise \/ kullan\u0131lmas\u0131n\u0131 istiyorsan\u0131z ana sayfa ve arka plan g\u00f6rseli gerekmektedir. (1200 x 800px boyutunda .jpg format\u0131nda olmal\u0131d\u0131r.) G\u00f6rsel g\u00f6nderilmemesi durumunda standart g\u00f6rsellerimiz kullan\u0131larak yay\u0131na y\u00f6nlendirilecektir. Tasar\u0131m gerektiren herhangi bir konudan firmam\u0131z sorumlu de\u011fildir.<\/p>\n<p>9. Taraf\u0131n\u0131zca bizim deste\u011fimiz ile al\u0131nacak olan bir ios sertifikas\u0131 bulunmaktad\u0131r. Bu sertifikan\u0131n al\u0131m\u0131 i\u00e7in \u015firket sahibi ad\u0131na bir icloud hesab\u0131 gerekmektedir. Sertifika al\u0131m\u0131nda taraf\u0131m\u0131zdan destek sa\u011flanacakt\u0131r. 99$ Apple firmas\u0131na sertifika i\u00e7in \u00f6deme yap\u0131lmal\u0131d\u0131r. En k\u0131sa s\u00fcrede sertifika al\u0131m\u0131 i\u00e7in bizden bir randevu alman\u0131z gerekmektedir.<\/p>\n<p><b>3. ve 4. Maddeye kar\u015f\u0131l\u0131k olarak e\u011fer var ise Bolt Food ya da Uber Eat linkini bizimle payla\u015fabilirsiniz.<\/p>\t\t\t\t\t\t\t\t<\/div>\n\t\t\t\t<\/div>\n\t\t\t\t\t<\/div>\n\t\t<\/div>\n\t\t\t\t\t\t<\/div>\n\t\t\t\t\t<\/div>\n\t\t\t\t<\/div>\n\t\t\t\t<\/div>\n\t\t","protected":false},"excerpt":{"rendered":"<p>ENGLISH PORTUGUESE TURKISH To be able to start our project, we need the following informaton: 1. The full name, address, and phone number of your restaurant. 2. If applicable, the number of branches, branch names, branch addresses, and branch\u00a0phone numbers&#8230;.<\/p>\n","protected":false},"author":1,"featured_media":0,"parent":0,"menu_order":0,"comment_status":"closed","ping_status":"closed","template":"page-template\/full-page.php","meta":{"footnotes":""},"class_list":["post-2","page","type-page","status-publish","hentry"],"_links":{"self":[{"href":"https:\/\/cangujet.com\/index.php\/wp-json\/wp\/v2\/pages\/2","targetHints":{"allow":["GET"]}}],"collection":[{"href":"https:\/\/cangujet.com\/index.php\/wp-json\/wp\/v2\/pages"}],"about":[{"href":"https:\/\/cangujet.com\/index.php\/wp-json\/wp\/v2\/types\/page"}],"author":[{"embeddable":true,"href":"https:\/\/cangujet.com\/index.php\/wp-json\/wp\/v2\/users\/1"}],"replies":[{"embeddable":true,"href":"https:\/\/cangujet.com\/index.php\/wp-json\/wp\/v2\/comments?post=2"}],"version-history":[{"count":56,"href":"https:\/\/cangujet.com\/index.php\/wp-json\/wp\/v2\/pages\/2\/revisions"}],"predecessor-version":[{"id":4123,"href":"https:\/\/cangujet.com\/index.php\/wp-json\/wp\/v2\/pages\/2\/revisions\/4123"}],"wp:attachment":[{"href":"https:\/\/cangujet.com\/index.php\/wp-json\/wp\/v2\/media?parent=2"}],"curies":[{"name":"wp","href":"https:\/\/api.w.org\/{rel}","templated":true}]}}